 factor of 14 and x?
7
Let x = 1700 + -803. What is the highest common factor of 26 and x?
13
Let j be (-18)/27*(-18)/4. Suppose 0 = -4*i - j*v - 60, -i - 15 = -0*v + 4*v. Let r = 117 - i. What is the highest common divisor of r and 88?
44
Let f(d) = -18*d - 1614. Let a be f(-106). Calculate the greatest common factor of 354 and a.
6
Let w = -1491 + 1494. What is the highest common divisor of w and 807?
3
Let f = 1015 + -205. Suppose 0 = -13*h + 19*h - f. What is the highest common divisor of h and 5?
5
Suppose 25*v = 30*v. Suppose -4*u = 2*f - 66, -2*u = -4*f - f - 15. Suppose u*c - 354 - 486 = v. What is the greatest common divisor of c and 8?
8
Let i(z) = -10*z + 31. Let u(c) = 21*c - 61. Let x(v) = -5*i(v) - 3*u(v). Let h be x(8). Let b = h + 188. Calculate the highest common divisor of 28 and b.
28
Suppose -286 - 78 = -2*c. Let z = -108 - -200. Let x = z + -66. Calculate the greatest common divisor of x and c.
26
Let p(x) = -4*x**2 + 44*x - 8. Let q be p(7). Let c be (-138)/(-5) + -1 + q/260. Calculate the greatest common divisor of c and 1.
1
Suppose 0 = -252*r + 125*r + 5588. Calculate the highest common divisor of 1364 and r.
44
Let s = 211 - 148. Suppose 197 = 5*b - s. Calculate the greatest common divisor of 65 and b.
13
Let v be 6/(-36) - 13561/(-6). Calculate the highest common factor of v and 20.
20
Let j(f) = 789*f + 796. Let z be j(-1). Calculate the greatest common factor of z and 16289.
7
Let x be 5 - (11 - (-7 - -3)). Let g be 15/(-2)*448/x. Calculate the greatest common divisor of g and 252.
84
Let l(k) = 27*k + 159. Let i be l(-6). Let a(d) = d**3 + 9*d**2 - 2*d - 4. Let h be a(i). Calculate the greatest common divisor of h and 84.
28
Let n(f) = -4*f**2 + 28*f + 60. Let b be n(4). What is the highest common factor of b and 6588?
108
Let p be ((-8)/(-16))/(2*2/40). Suppose -p*y + 25*y - 940 = 0. What is the highest common factor of 611 and y?
47
Let m = -33 - 59. Let r = 19 + -84. Let z = r - m. What is the highest common divisor of 18 and z?
9
Let p(n) = n**3 - 2*n**2 + 7*n + 3. Let a be p(-5). Let b = 217 + a. Let f be (-3 - -2) + 0 - -91. Calculate the highest common divisor of b and f.
10
Let w = -12984 - -21751. What is the highest common divisor of 11 and w?
11
Suppose 7*t - 748 = 8*t - 35*t. Calculate the highest common divisor of t and 1793.
11
Suppose -o = 2*o + 147. Let l = 66 + o. Let x = 37 + -20. What is the greatest common factor of l and x?
17
Let l be (0 - 87/(-21)) + 1/(-7). Let f be (114/l)/(-10 - 184/(-16)). What is the highest common factor of 323 and f?
19
Suppose 5*w + 11218 = 9*n, -4135 + 1683 = -2*n - 4*w. Calculate the highest common factor of n and 594.
54
Let f = -249 + 279. Let p(k) = -2*k**2 + 45. Let m be p(0). Let c be m - (0/(-2) - 0). What is the highest common factor of c and f?
15
Let z = -603 + 893. Suppose -6*q + z = 23*q. Calculate the highest common factor of q and 2.
2
Suppose -12*b - 71*b + 287 + 958 = 0. What is the greatest common factor of 960 and b?
15
Let z(k) = 5*k**3 + k - 54. Let j be z(4). What is the highest common divisor of j and 480?
30
Let j(q) = q**2 + 32*q - 11. Let c = -173 - -140. Let x be j(c). What is the greatest common divisor of 44 and x?
22
Let a(t) = -t**3 - 5*t**2 + 7*t - 4. Let s be a(-7). Suppose 68*n + 31*n - 1020 = -105*n. What is the highest common factor of n and s?
5
Let w = 99 + -93. Calculate the greatest common factor of 8574 and w.
6
Suppose -88 = 44*k + 127*k - 601. Suppose -2*v + 3*v = 7. Calculate the highest common factor of v and k.
1
Let z = -24 - -25. Suppose -z = 2*d - 5. Let c be ((-29)/d)/(-1*1/4). What is the highest common divisor of c and 87?
29
Let g = -922 + 954. Let j be (0 - 18/(-15))*10. Calculate the greatest common factor of j and g.
4
Suppose 0 = -3*n + s + s + 62, 2*s - 10 = 0. Let k = -4358 - -4383. Let m be n/20*k/3. Calculate the greatest common factor of 40 and m.
10
Suppose -n + 37 = -2*g, 0 = 3*n - 7*g + 2*g - 110. Suppose -347 = -24*i - n. What is the highest common factor of i and 3?
1
Let k(t) = -35*t + 458. Let o be k(-44). What is the greatest common factor of 216 and o?
54
Let o = -34 + 40. Suppose 2*p = -l + 7 + 2, 15 = 5*p + 4*l. Suppose -p*w - 138 = -8*w. Calculate the greatest common divisor of o and w.
6
Suppose 0 = -32*x - 31*x - 18*x + 34263. What is the greatest common divisor of x and 752?
47
Let w(f) = 7*f**2 - 12*f + 27. Let s be w(6). Suppose -93 = -6*j + s. What is the greatest common factor of 10 and j?
10
Let a = -1 + 4. Suppose -103 = h + i, 2*h + a*i + 211 = 6*i. Let w = -49 - h. Calculate the highest common divisor of 5 and w.
5
Suppose 0 = -32*o + 34*o - 8. Suppose -3*c = -o*u - 16, 3*c - 3*u = -0*u + 15. What is the greatest common divisor of 18 and c?
2
Let n(l) = 5*l**2 - 77*l - 357. Let a be n(20). Calculate the highest common factor of 11639 and a.
103
Suppose 3*u = b - 38, 3*b = -3*u + 550 - 388. Let y be 4/10*-1*-5. Suppose -37 - 163 = -y*w. What is the greatest common factor of b and w?
50
Let o be (2/2 - -291)*(-4)/(-8). Let i = o + -122. What is the greatest common factor of 216 and i?
24
Let r(f) = 14*f**2 + 1173*f - 33. Let m be r(-87). Calculate the greatest common factor of m and 6.
6
Let d = 2461 - 2400. Calculate the greatest common factor of d and 6527.
61
Let t(i) = -2887*i**3 + 2*i**2 + 4*i + 1. Let l be t(-1). What is the highest common factor of l and 52?
26
Suppose 5*o - 127 + 22 = 0. Let z(t) = 2*t - 32. Let f be z(o). Suppose 5 = -n, -8*s - 4*n = -3*s + f. Calculate the greatest common factor of s and 14.
2
Let d(u) = -u - 11. Let h be d(-7). Let b be (52/(-16) - h) + (-81)/(-4). Let s = b + 15. What is the greatest common factor of 3 and s?
3
Suppose -3*h + 4*h + 115 = 4*b, 0 = 2*b + 3*h - 47. Let y be -70*b/(-315) + 4/(-18). What is the greatest common factor of 12 and y?
6
Let r be -2 + 5 - (-350 + -34). Let d = r - 372. What is the greatest common factor of d and 555?
15
Let o be (1 + -2)/(-2*2/120). Suppose -4*s = -2*y - o, 4*s - 51 = -y - 4*y. What is the greatest common divisor of s and 63?
9
Let x(c) = -3*c**3 - 43*c**2 - 19*c - 21. Let m be x(-14). Let b = 14 + 7. Let r be ((-336)/m)/((-3)/b). What is the greatest common divisor of 120 and r?
24
Suppose -x - 4 + 6 = 0. Suppose -o + q + 0*q + 3 = 0, -x*q = 0. Suppose 18 = 2*j - 5*k + 4*k, o*j - k = 27. Calculate the greatest common factor of j and 9.
9
Let q(a) = 4977*a - 5733. Let b be q(4). What is the greatest common divisor of b and 42?
21
Let f(k) = -k**3 + 35*k**2 + 5*k - 119. Let z be f(35). Suppose -13*w = 39 - 221. Calculate the highest common factor of z and w.
14
Let p = 2852 - 2453. Let c be 1 + 114/2 + -1. Calculate the highest common factor of c and p.
57
Let c(r) = -3*r**2 + 53*r + 23. Let j be c(18). Suppose -824 = -j*u - 3*i + 221, -2*u = 5*i - 418. Calculate the highest common factor of 19 and u.
19
Suppose -20*v - 14986 = -20750 - 22076. Calculate the highest common divisor of 120 and v.
24
Suppose 9*u - y = 4*u + 2055, -5*u - y = -2045. Suppose -w = -u + 403. Suppose -4*m - 26 + 82 = 0. What is the greatest common factor of m and w?
7
Let v = 2030 - 1371. Let g = -360 + v. Let m = 186 + -173. Calculate the highest common factor of m and g.
13
Let o = -18663 - -18689. Calculate the greatest common factor of 7046 and o.
26
Let y(q) = -q**3 - 8*q**2 - 10*q + 12. Let x be y(-6). Suppose 4*u - 479 + 79 = -4*k, 5*k + 3*u - 504 = x. Calculate the highest common factor of 17 and k.
17
Let m = -10491 - -10603. What is the greatest common factor of 1296 and m?
16
Let d = 5425 + -5310. Calculate the greatest common factor of 5 and d.
5
Let h = -65 - -71. Let m be 784/12*1*h/4. Suppose m = 2*o + c - 3*c, 3*c + 15 = 0. What is the highest common factor of 11 and o?
11
Let x be 965 - (128/(-16))/8. Calculate the highest common divisor of x and 56.
14
Let h(q) = -8*q + 2161. Let y be h(142). What is the greatest common divisor of y and 200?
25
Let s(m) = m**3 - 2*m**2 - 5*m + 5. Let o be s(4). Let f = 231 - 225. Suppose -f*g + 4*g = -34. What is the greatest common divisor of o and g?
17
Let s(p) = 22*p**2 + 6*p + 5. Let d be s(-4). Suppose 19*t + 52*t - 6428 = -3801. What is the highest common divisor of t and d?
37
Let l be ((102/5)/(126/280))/(5/45). What is the highest common factor of l and 10812?
20